 + 1/30*k**5 + 0*k**4 - 16 - 1/360*k**6 - 5*k**3 + 0*k**2. Let t(n) be the third derivative of w(n). Calculate t(3).
3
Let u(r) be the third derivative of 70*r**2 - 2/15*r**5 + 0 + 1/120*r**6 + 0*r - 1/2*r**3 + 0*r**4. Determine u(8).
-3
Let v = -664 - -721. Let h(o) = 28 - 5*o + 25 + 3*o - v. Give h(-7).
10
Let a(r) = 31*r + 9. Let d = -22132 + 22132. Determine a(d).
9
Let d(v) = -11*v**2 - 5*v + 17. Let l(o) = 31*o**2 + 12*o - 49. Let m(z) = 17*d(z) + 6*l(z). What is m(0)?
-5
Suppose 86 = 3*z + 4*v, -2*z + 88*v + 59 = 91*v. Let p(f) = f**3 - 22*f**2 + f - 7. Determine p(z).
15
Let y(m) = 2*m**2 - 15*m + 12. Suppose -3*s - 1291 = -1309. Determine y(s).
-6
Let k(o) = -10401084 + 10401084 + 10*o. Let p(s) = -13*s**3 - 2*s**2 - 2*s - 1. Let y be p(-1). Let t = -13 + y. What is k(t)?
-10
Let s(q) = 3*q**2 + q + 24*q**2 - 27*q**2 - 1 - q**2. Let r(z) be the second derivative of z**4/3 + z**3/2 - z. Let b(f) = r(f) - s(f). Give b(-1).
4
Suppose -74 = -2*g - 4*p - 46, -3*g + 2 = -4*p. Let y(v) = -3*v**2 + 18*v + 3. Calculate y(g).
3
Suppose 0 = 3*m - 2059 + 2038. Let x(s) = s**3 - 7*s**2 + 9*s - 12. Determine x(m).
51
Let s(h) = -3912284*h + 3912289*h + 26 - 68. Determine s(9).
3
Suppose -5*m + 35 = 2*h, 28 = 4*m + 87*h - 85*h. Let o(r) = -r**3 + 6*r**2 + 15*r - 9. Calculate o(m).
47
Suppose 4*a - 4*x + 52 = 8*a, -3*x + 55 = 5*a. Let u(k) = 205*k**3 - 9*k**2 + 0*k + 3*k - 106*k**3 - 98*k**3 + 6*k. Calculate u(a).
8
Let m(i) be the third derivative of 11*i**6/40 + i**5/20 - i**4/8 + i**3/6 - 21*i**2 - 10. Give m(1).
34
Let r(o) = -19*o**2 + 233*o - 62. Let p be r(12). Let y(q) = -8*q - 11. Determine y(p).
5
Let l(b) = -2*b**2 + 2*b - 2. Let n be 279/(-8) - 3/24. Let o = n + 37. What is l(o)?
-6
Let o(g) be the first derivative of 15*g**2/2 + 10*g + 1106. Calculate o(5).
85
Suppose -20*r + g - 434 = 0, 3*g = r - 1069 + 1073. Let k(q) = -q. Let x(f) = -3*f + 47. Let n(y) = -5*k(y) + x(y). Calculate n(r).
3
Let o(c) = -23*c**3 - c**2 - 2*c + 1. Let m(g) = 22*g**3 + 2*g - 1. Let y(u) = -u**3 + 5*u**2 + u - 23. Let i be y(4). Let q(t) = i*m(t) - 2*o(t). What is q(1)?
-19
Let l(c) = -2*c**3 + 2*c**2 + 7. Let w = 81 + -84. Let v(s) = -s**3 + 3*s**2 + 6. Let h(i) = w*v(i) + 2*l(i). What is h(-6)?
32
Suppose -b + y - 17 + 11 = 0, -2*b = 4*y - 6. Let m(v) be the third derivative of v**5/60 + v**4/8 - 2*v**3/3 + v**2 - 20. What is m(b)?
-4
Let g(j) be the first derivative of 13*j**2/2 - 86*j + 6202. Give g(7).
5
Suppose 14*z - 26*z = -9*z. Let l(d) = d**2 + d - 5. What is l(z)?
-5
Let u(a) = -a + 19. Let h be u(14). Suppose -2*m + 77 = -4*m + 3*v, -v + 199 = -h*m. Let p be m/(-25) - 4/(-10). Let l(o) = o**2 - o. Determine l(p).
2
Let m(w) be the first derivative of w**3/3 - 7*w**2/2 - 13*w - 5. Let n = -1498 + 1507. Give m(n).
5
Let c = -1284 + 1286. Let o(r) = r**3 - 5*r**2 - r + 4. Calculate o(c).
-10
Suppose 22*x - 1738 = -1584. Let y(v) = -2*v + 34. What is y(x)?
20
Let u(g) = g**3 + 2*g**2 - 18*g - 47. Suppose 3*z + 3*z + 36 = -6*z. Give u(z).
-2
Let k(z) be the first derivative of z**3/3 - 3*z**2 - z + 1. Suppose 279 = 3*o - 4*u - 269, -4*u = 3*o - 508. Let c be (10/(-8))/((-44)/o). Determine k(c).
-6
Let q(d) = -d**2 + d + 27. Let a(m) = -m**3 + 22*m**2 - 31*m - 207. Let c(v) = -a(v) - 7*q(v). Calculate c(13).
-8
Suppose -4*d + 0 = -8, -4*d = -3*j + 43. Suppose j = -17*l - 85. Let u(p) = -p**2 + p + 7. Give u(l).
-35
Let g(f) = -f**3 - 14*f**2 + 11*f - 1. Let i(k) = -2*k**2 + k - 5. Let y be i(-2). Calculate g(y).
59
Let b(c) = 7*c + 3. Let f(k) = 8*k + 3. Let w = 23 - 17. Let r(a) = w*b(a) - 5*f(a). Determine r(-9).
-15
Let z(w) = -19*w**3 + 38*w**2 - 2*w + 84. Let x(p) = 8*p**3 - 15*p**2 + p - 34. Let l(y) = 12*x(y) + 5*z(y). Calculate l(-10).
-8
Let r(x) be the first derivative of -x**2 + 16*x + 34 - 1/2*x**3. Let s(g) be the first derivative of r(g). What is s(2)?
-8
Let d(n) = -4*n**2 + 3*n + 42. Let k(c) = 3*c**2 - 5*c - 39. Let q(y) = 4*d(y) + 5*k(y). Calculate q(-11).
-5
Let m(q) = 23*q - 98. Suppose 45*g - 269*g = -896. Calculate m(g).
-6
Let h = -373 + 375. Let m(p) = 12*p - 14*p**h - 75*p**3 - 79*p**3 + 8 + 155*p**3. Calculate m(13).
-5
Let y(t) be the first derivative of -t**6/360 - t**5/12 - 3*t**4/8 + 287*t**3/3 + 32. Let k(h) be the third derivative of y(h). Give k(-8).
7
Let m(u) = u**3 - 6*u**2 + 2*u + 14. Let l be (-5)/(-35*(-9)/252 - 9/4). Determine m(l).
-1
Let r(b) = -9*b**3 + b**2 + b + 1. Let k(o) = -28*o**3 + 3*o**2 + 4*o + 6. Let g(u) = -k(u) + 3*r(u). Let v = 2 - 2. Give g(v).
-3
Let m(o) = 13*o + 187. Let w(h) = h**3 + 12*h**2 - 38*h + 90. Let i be w(-15). Give m(i).
-8
Let b = 142 + -141. Let s(v) = v**3 + 5*v - 2. Let z(c) = -c**2. Let h(d) = b*s(d) + 4*z(d). Calculate h(3).
4
Let l(u) = -2*u**2 - 4*u + 23. Suppose -2*d + 482 = 490, -2*d = o + 14. What is l(o)?
-25
Let s = -12 + 11. Let k(o) be the first derivative of -2/3*o**3 - 3/2*o**4 - 6 - 1/2*o**2 + 0*o. Determine k(s).
5
Let w be 5 - 0/((-9)/3). Let r(a) = 36082*a**2 + 0*a - 36081*a**2 - w*a - 2 - 1. Let s = -6 + 11. What is r(s)?
-3
Let h(p) = 6*p**2 - 7*p**2 - 1247*p + 1254*p - 2. Let n(g) = -g**2 - 7*g + 7. Let r be n(-7). What is h(r)?
-2
Let t(f) = f**2 + 17*f + 58. Let m = 1286 + -1296. Calculate t(m).
-12
Let x(g) = g**2 - 81*g + 1424. Let t be x(55). Let f(i) = 2*i**2 + 17*i + 27. Give f(t).
-3
Let o(r) = -r - 1. Let d be -1 - 0 - (-49 + 49). Let a(c) = 4*c + 10. Let m(n) = d*a(n) - 3*o(n). What is m(-5)?
-2
Suppose -9 = -2*t + 3*b + 10, -t = 3*b + 4. Let p be (t/((-80)/28))/(5/20). Let n(v) = v**2 + 8*v - 1. What is n(p)?
-8
Let c(v) = -v**2 - 4*v + 5. Let k be (-32)/(-4) + -1*(6 + -5). Suppose -k*o + 4*o = 4*j + 36, 0 = 5*j - 2*o + 22. Determine c(j).
-7
Let r(n) be the second derivative of -n**5/10 - 13*n**4/6 - 5*n**3/3 - 131*n**2/2 + 90*n - 9. Determine r(-13).
-1
Let u(k) = -k**3 - k**2 + 2*k - 11. Let g be -617 + (86/(-18) - 28/126). Let s = 622 + g. Determine u(s).
-11
Let u(s) = 2*s + 19. Let o be 15/(-10)*(-10)/(-3). Let c be u(o). Let p(h) = -h**2 + 7*h + 12. What is p(c)?
-6
Let d(k) be the second derivative of k**5/20 - 3*k**4/4 + k**3 + 7*k**2 + 120*k + 3. Give d(8).
-2
Let n = 65 - -255. Let g be (n/280)/(2/7). Let l(z) = z**3 - 3*z**2 - 3*z + 4. What is l(g)?
8
Let c(p) = p**3 + 3*p**2 + 4*p + 3. Let f = 274 + -477. Let k = 200 + f. What is c(k)?
-9
Let l = -315 + 446. Let h(t) = -1 - 3 + l*t - 65*t - 72*t. What is h(6)?
-40
Let t(w) = w**3 + 4*w**2 + 3*w + 9. Let v be 1140/(-120) + 1/(-2) + 6. Calculate t(v).
-3
Let r(i) = -3*i**2 + 9*i**2 - 12*i - 5*i**2 + 0*i**2 + 0*i**2 - 1. Calculate r(7).
-36
Let o(f) = -8*f**2 + f - 1. Let y = 4 - 3. Let n be o(y). Let i(p) be the first derivative of -p**2/2 - 4*p - 1346. Give i(n).
4
Suppose -27*f + 18 = -24*f, g + 4*f - 20 = 0. Let s(k) = -3*k**2 - 4*k + 5. What is s(g)?
-27
Suppose 63*w - 980 = w + 13*w. Let c(p) = -11*p + 223. What is c(w)?
3
Let u(c) = -10*c + 17*c + 23 - 10*c - c. Calculate u(-6).
47
Let d be 32/4 + 13/(104/(-48)) + 2. Let b(c) = 3*c**2 + 8*c - 4. Calculate b(d).
76
Let a(s) = 7*s**2 + 3*s + 2. Let u = -609 + 611. Let t(j) = -34*j**2 - 16*j - 12. Let b(z) = u*t(z) + 11*a(z). Give b(-2).
32
Let z(c) be the third derivative of -c**4/24 + 5*c**3/3 - 804*c**2. Determine z(14).
-4
Let k(u) be the first derivative of u**6/180 - u**5/60 - u**4/12 - 46*u**3/3 - 30. Let p(r) be the third derivative of k(r). Determine p(4).
22
Let a(s) = -6*s**2 + 1. Suppose 2*w + 0 = -3*b - 3, w = -4*b + 6. Let v be (w/(-4) + -1)*(-13 + 15). Give a(v).
-5
Let s(r) = r**3 - 8*r**2 - 2*r + 10. Suppose a = 73 - 8. Let i = 87 - a. Suppose 5*d = 18 + i. Calculate s(d).
-6
Let u = -17 + 16. Let n(v) = -v + 6. Let f(b) = b + 1. Suppose -13*w + 2*w - 11 = 0. Let m(a) = w*n(a) + 6*f(a). Give m(u).
-7
Let g(m) = m**3 - 5*m**2 + m + 7. Let v be g(4). Let l(t) = 2*t - 24. Let c(u) = -u + 12. Let i(f) = v*c(f) - 2*l(f). Calculate i(9).
-3
Let m(t) = -1 + 2 + 4*t + 0*t + t. Let q be 0 - -2 - ((1 - 4) + 145). Let w = 139 + q. Determine m(w).
-4
Let m = 232 + -328. Let s = m + 98. Suppose 2*g + 7 = 5*t, -s*g - 1 = -g - 5*t. Let a(f) = f**3 + 5*f**2 - 5*f - 4. Calculate a(g).
-10
Let y(l) be the second derivative of -5*l**3/6 + 39*l**2/2 - 23*l. Let p be y(7). Let a(q) be the second derivative of q**3/6 + q**2/2 + 67*q.